{"id":3241,"date":"2020-01-07T13:43:15","date_gmt":"2020-01-07T13:43:15","guid":{"rendered":"https:\/\/kongegrave.dk\/?page_id=3241"},"modified":"2022-10-31T09:50:40","modified_gmt":"2022-10-31T09:50:40","slug":"repton","status":"publish","type":"page","link":"https:\/\/kongegrave.dk\/?page_id=3241","title":{"rendered":"Repton"},"content":{"rendered":"\n<p>Ved <a href=\"https:\/\/www.google.dk\/maps\/@52.8411159,-1.5514028,284m\/data=!3m1!1e3\">St. Wyston&#8217;s Church<\/a> i  Repton i det centrale England har man fundet det sted, hvor den store hedenske h\u00e6r overvintrede i vinteren 873\/874. <\/p>\n\n\n<div class=\"wp-block-image\">\n<figure class=\"aligncenter size-large\"><img loading=\"lazy\" decoding=\"async\" width=\"1024\" height=\"538\" src=\"https:\/\/kongegrave.dk\/wp-content\/uploads\/2022\/10\/skitse-af-lejren-1024x538.jpg\" alt=\"\" class=\"wp-image-24555\" srcset=\"https:\/\/kongegrave.dk\/wp-content\/uploads\/2022\/10\/skitse-af-lejren-1024x538.jpg 1024w, https:\/\/kongegrave.dk\/wp-content\/uploads\/2022\/10\/skitse-af-lejren-300x158.jpg 300w, https:\/\/kongegrave.dk\/wp-content\/uploads\/2022\/10\/skitse-af-lejren-768x404.jpg 768w, https:\/\/kongegrave.dk\/wp-content\/uploads\/2022\/10\/skitse-af-lejren-1536x807.jpg 1536w, https:\/\/kongegrave.dk\/wp-content\/uploads\/2022\/10\/skitse-af-lejren-2048x1077.jpg 2048w\" sizes=\"auto, (max-width: 767px) 89vw, (max-width: 1000px) 54vw, (max-width: 1071px) 543px, 580px\" \/><figcaption>Vikingernes lejr i Repton var omgivet at en D-formet vold p\u00e5 tre sider og floden Trent p\u00e5 den fjerde. Kirken indgik i forsvarsanl\u00e6gget. Derby Museum<\/figcaption><\/figure>\n<\/div>\n\n\n<p>I 1686 blev graven \u00e5bnet f\u00f8rste gang, hvor man bl.a. fandt et stort skelet, som l\u00e5 midt i graven omgivet af p\u00e6nt arrangerede knogler. Skelettet er senere g\u00e5et tabt. Da graven blev \u00e5bnet igen i slutningen af 1900-tallet af professor Martin Biddle og hans hustru, fandt man knogler fra mindst 264 personer. De begravede var arrangeret omkring en central begravelse og placeret over et mausel\u00e6um for en konge i Mercia. Kongen var Merewahl, som d\u00f8de i \u00e5r 757. Den begravede k\u00e6mpe kan have v\u00e6ret <a href=\"https:\/\/kongegrave.dk\/?page_id=608\">Ivar Benl\u00f8s<\/a>, som d\u00f8de i 873 mens han var konge i Dublin. If\u00f8lge Regnar Lodbrogs saga blev hans lig f\u00f8rt til England og begravet i en gravh\u00f8j. Det passer fint med, at h\u00e6ren var ledet af <a href=\"https:\/\/kongegrave.dk\/?page_id=3266\" data-type=\"page\" data-id=\"3266\">Halfdan<\/a>, som var Ivars bror. Nogle af fundene fra Repton er i dag udstillet p\u00e5 museet i Derby. <\/p>\n\n\n<div class=\"wp-block-image\">\n<figure class=\"aligncenter size-full is-resized\"><img loading=\"lazy\" decoding=\"async\" src=\"https:\/\/kongegrave.dk\/wp-content\/uploads\/2022\/10\/image.png\" alt=\"\" class=\"wp-image-24563\" width=\"502\" height=\"697\" srcset=\"https:\/\/kongegrave.dk\/wp-content\/uploads\/2022\/10\/image.png 737w, https:\/\/kongegrave.dk\/wp-content\/uploads\/2022\/10\/image-216x300.png 216w\" sizes=\"auto, (max-width: 502px) 100vw, 502px\" \/><figcaption>St. Wystan&#8217;s Church<\/figcaption><\/figure>\n<\/div>\n\n\n<div class=\"wp-block-columns is-layout-flex wp-container-core-columns-is-layout-9d6595d7 wp-block-columns-is-layout-flex\">\n<div class=\"wp-block-column is-layout-flow wp-block-column-is-layout-flow\">\n<figure class=\"wp-block-image size-full\"><img loading=\"lazy\" decoding=\"async\" width=\"768\" height=\"1024\" src=\"https:\/\/kongegrave.dk\/wp-content\/uploads\/2022\/10\/image-1.png\" alt=\"\" class=\"wp-image-24565\" srcset=\"https:\/\/kongegrave.dk\/wp-content\/uploads\/2022\/10\/image-1.png 768w, https:\/\/kongegrave.dk\/wp-content\/uploads\/2022\/10\/image-1-225x300.png 225w\" sizes=\"auto, (max-width: 767px) 89vw, (max-width: 1000px) 54vw, (max-width: 1071px) 543px, 580px\" \/><figcaption>Repton var begravelsessted for kongerne af Mercia i 700-tallet. Det foregik i krypten, hvortil der er adgang fra kirken<\/figcaption><\/figure>\n<\/div>\n\n\n\n<div class=\"wp-block-column is-layout-flow wp-block-column-is-layout-flow\">\n<div style=\"height:70px\" aria-hidden=\"true\" class=\"wp-block-spacer\"><\/div>\n\n\n\n<figure class=\"wp-block-image size-large\"><img loading=\"lazy\" decoding=\"async\" width=\"1024\" height=\"768\" src=\"https:\/\/kongegrave.dk\/wp-content\/uploads\/2022\/10\/St-Wystans-nordoest-1024x768.jpg\" alt=\"\" class=\"wp-image-24566\" srcset=\"https:\/\/kongegrave.dk\/wp-content\/uploads\/2022\/10\/St-Wystans-nordoest-1024x768.jpg 1024w, https:\/\/kongegrave.dk\/wp-content\/uploads\/2022\/10\/St-Wystans-nordoest-300x225.jpg 300w, https:\/\/kongegrave.dk\/wp-content\/uploads\/2022\/10\/St-Wystans-nordoest-768x576.jpg 768w, https:\/\/kongegrave.dk\/wp-content\/uploads\/2022\/10\/St-Wystans-nordoest-1536x1152.jpg 1536w, https:\/\/kongegrave.dk\/wp-content\/uploads\/2022\/10\/St-Wystans-nordoest-2048x1536.jpg 2048w\" sizes=\"auto, (max-width: 767px) 89vw, (max-width: 1000px) 54vw, (max-width: 1071px) 543px, 580px\" \/><figcaption>Uden for kirken i det nord\u00f8stlige hj\u00f8rne er der fundet flere enkeltbegravelser<\/figcaption><\/figure>\n<\/div>\n<\/div>\n\n\n\n<p>I artiklen,  Repton and the Vikings af Martin Biddle og Birthe Kj\u00f8lbye-Biddel findes disse skitser fra deres udgravninger.<\/p>\n\n\n\n<figure class=\"wp-block-image size-large\"><img loading=\"lazy\" decoding=\"async\" width=\"934\" height=\"719\" src=\"https:\/\/kongegrave.dk\/wp-content\/uploads\/2020\/11\/repton-1.jpg\" alt=\"\" class=\"wp-image-13179\" srcset=\"https:\/\/kongegrave.dk\/wp-content\/uploads\/2020\/11\/repton-1.jpg 934w, https:\/\/kongegrave.dk\/wp-content\/uploads\/2020\/11\/repton-1-300x231.jpg 300w, https:\/\/kongegrave.dk\/wp-content\/uploads\/2020\/11\/repton-1-768x591.jpg 768w\" sizes=\"auto, (max-width: 767px) 89vw, (max-width: 1000px) 54vw, (max-width: 1071px) 543px, 580px\" \/><figcaption>Plan over omr\u00e5det omkring kirken. Floden Trents forl\u00f8b i vikingetiden er angivet. Floden l\u00f8ber nu noget nordligere. Ca. 60 meter vest for kirken ses den store begravelse m\u00e6rket 1. Den ligger nu inde i pr\u00e6steg\u00e5rdshaven. Kilde: <a href=\"https:\/\/docplayer.net\/49246119-Repton-and-the-vikings.html\">https:\/\/docplayer.net\/49246119-Repton-and-the-vikings.html<\/a><\/figcaption><\/figure>\n\n\n\n<figure class=\"wp-block-image size-large\"><img loading=\"lazy\" decoding=\"async\" width=\"807\" height=\"452\" src=\"https:\/\/kongegrave.dk\/wp-content\/uploads\/2020\/11\/repton-2.jpg\" alt=\"\" class=\"wp-image-13180\" srcset=\"https:\/\/kongegrave.dk\/wp-content\/uploads\/2020\/11\/repton-2.jpg 807w, https:\/\/kongegrave.dk\/wp-content\/uploads\/2020\/11\/repton-2-300x168.jpg 300w, https:\/\/kongegrave.dk\/wp-content\/uploads\/2020\/11\/repton-2-768x430.jpg 768w\" sizes=\"auto, (max-width: 767px) 89vw, (max-width: 1000px) 54vw, (max-width: 1071px) 543px, 580px\" \/><figcaption>Skitse af den store begravelse. Den blev lavet over mausol\u00e6et for kong Merewahl, og i det \u00f8stlig kammer ses den centrale grav omgivet af mange skeletter. Kilde: <a href=\"https:\/\/docplayer.net\/49246119-Repton-and-the-vikings.html\">https:\/\/docplayer.net\/49246119-Repton-and-the-vikings.html<\/a><\/figcaption><\/figure>\n\n\n\n<figure class=\"wp-block-image size-large\"><img loading=\"lazy\" decoding=\"async\" width=\"1024\" height=\"742\" src=\"https:\/\/kongegrave.dk\/wp-content\/uploads\/2022\/10\/Svaerd-og-hoved-1-1024x742.jpg\" alt=\"\" class=\"wp-image-24559\" srcset=\"https:\/\/kongegrave.dk\/wp-content\/uploads\/2022\/10\/Svaerd-og-hoved-1-1024x742.jpg 1024w, https:\/\/kongegrave.dk\/wp-content\/uploads\/2022\/10\/Svaerd-og-hoved-1-300x217.jpg 300w, https:\/\/kongegrave.dk\/wp-content\/uploads\/2022\/10\/Svaerd-og-hoved-1-768x556.jpg 768w, https:\/\/kongegrave.dk\/wp-content\/uploads\/2022\/10\/Svaerd-og-hoved-1-1536x1112.jpg 1536w, https:\/\/kongegrave.dk\/wp-content\/uploads\/2022\/10\/Svaerd-og-hoved-1-2048x1483.jpg 2048w\" sizes=\"auto, (max-width: 767px) 89vw, (max-width: 1000px) 54vw, (max-width: 1071px) 543px, 580px\" \/><figcaption>Fra Biddle og Kj\u00f8lbyes udgravninger. Bl.a. et sv\u00e6rd. Hovedet er rekonstrueret ud fra et fundet kranium. Derby Museum<\/figcaption><\/figure>\n\n\n\n<div class=\"wp-block-columns is-layout-flex wp-container-core-columns-is-layout-9d6595d7 wp-block-columns-is-layout-flex\">\n<div class=\"wp-block-column is-layout-flow wp-block-column-is-layout-flow\">\n<figure class=\"wp-block-image size-large\"><img loading=\"lazy\" decoding=\"async\" width=\"768\" height=\"1024\" src=\"https:\/\/kongegrave.dk\/wp-content\/uploads\/2022\/10\/Vikingehoved-768x1024.jpg\" alt=\"\" class=\"wp-image-24560\" srcset=\"https:\/\/kongegrave.dk\/wp-content\/uploads\/2022\/10\/Vikingehoved-768x1024.jpg 768w, https:\/\/kongegrave.dk\/wp-content\/uploads\/2022\/10\/Vikingehoved-225x300.jpg 225w, https:\/\/kongegrave.dk\/wp-content\/uploads\/2022\/10\/Vikingehoved-1152x1536.jpg 1152w, https:\/\/kongegrave.dk\/wp-content\/uploads\/2022\/10\/Vikingehoved-1536x2048.jpg 1536w, https:\/\/kongegrave.dk\/wp-content\/uploads\/2022\/10\/Vikingehoved-scaled.jpg 1920w\" sizes=\"auto, (max-width: 767px) 89vw, (max-width: 1000px) 54vw, (max-width: 1071px) 543px, 580px\" \/><figcaption>S\u00e5dan s\u00e5 vikingen ud<\/figcaption><\/figure>\n<\/div>\n\n\n\n<div class=\"wp-block-column is-layout-flow wp-block-column-is-layout-flow\">\n<figure class=\"wp-block-image size-large\"><img loading=\"lazy\" decoding=\"async\" width=\"768\" height=\"1024\" src=\"https:\/\/kongegrave.dk\/wp-content\/uploads\/2022\/10\/Aethelbald-768x1024.jpg\" alt=\"\" class=\"wp-image-24561\" srcset=\"https:\/\/kongegrave.dk\/wp-content\/uploads\/2022\/10\/Aethelbald-768x1024.jpg 768w, https:\/\/kongegrave.dk\/wp-content\/uploads\/2022\/10\/Aethelbald-225x300.jpg 225w, https:\/\/kongegrave.dk\/wp-content\/uploads\/2022\/10\/Aethelbald-1152x1536.jpg 1152w, https:\/\/kongegrave.dk\/wp-content\/uploads\/2022\/10\/Aethelbald-1536x2048.jpg 1536w, https:\/\/kongegrave.dk\/wp-content\/uploads\/2022\/10\/Aethelbald-scaled.jpg 1920w\" sizes=\"auto, (max-width: 767px) 89vw, (max-width: 1000px) 54vw, (max-width: 1071px) 543px, 580px\" \/><figcaption>Del af et 4m h\u00f8jt stenkors, som blev rejst i 700-tallet over kong Aethelbald.<\/figcaption><\/figure>\n<\/div>\n<\/div>\n","protected":false},"excerpt":{"rendered":"<p>Ved St. Wyston&#8217;s Church i Repton i det centrale England har man fundet det sted, hvor den store hedenske h\u00e6r overvintrede i vinteren 873\/874. I 1686 blev graven \u00e5bnet f\u00f8rste gang, hvor man bl.a. fandt et stort skelet, som l\u00e5 midt i graven omgivet af p\u00e6nt arrangerede knogler. Skelettet er senere g\u00e5et tabt. Da graven &hellip; <\/p>\n<p class=\"link-more\"><a href=\"https:\/\/kongegrave.dk\/?page_id=3241\" class=\"more-link\">L\u00e6s videre<span class=\"screen-reader-text\"> &#8220;Repton&#8221;<\/span><\/a><\/p>\n","protected":false},"author":1,"featured_media":0,"parent":0,"menu_order":0,"comment_status":"closed","ping_status":"closed","template":"","meta":{"footnotes":""},"class_list":["post-3241","page","type-page","status-publish","hentry"],"_links":{"self":[{"href":"https:\/\/kongegrave.dk\/index.php?rest_route=\/wp\/v2\/pages\/3241","targetHints":{"allow":["GET"]}}],"collection":[{"href":"https:\/\/kongegrave.dk\/index.php?rest_route=\/wp\/v2\/pages"}],"about":[{"href":"https:\/\/kongegrave.dk\/index.php?rest_route=\/wp\/v2\/types\/page"}],"author":[{"embeddable":true,"href":"https:\/\/kongegrave.dk\/index.php?rest_route=\/wp\/v2\/users\/1"}],"replies":[{"embeddable":true,"href":"https:\/\/kongegrave.dk\/index.php?rest_route=%2Fwp%2Fv2%2Fcomments&post=3241"}],"version-history":[{"count":13,"href":"https:\/\/kongegrave.dk\/index.php?rest_route=\/wp\/v2\/pages\/3241\/revisions"}],"predecessor-version":[{"id":24567,"href":"https:\/\/kongegrave.dk\/index.php?rest_route=\/wp\/v2\/pages\/3241\/revisions\/24567"}],"wp:attachment":[{"href":"https:\/\/kongegrave.dk\/index.php?rest_route=%2Fwp%2Fv2%2Fmedia&parent=3241"}],"curies":[{"name":"wp","href":"https:\/\/api.w.org\/{rel}","templated":true}]}}